
797
Suppose -188 - 1073 = -5*x - 4*k, 2*x + k - 502 = 0. List the prime factors of x.
3, 83
Suppose -4*q = -3*w - 38, -2*w + 4*q - 52 = 2*w. Let a be (-1 - 20/w)*7. Suppose a*v + 145 = 8*v. What are the prime factors of v?
29
Let i(u) = u**2 - 6*u - 11. Let f(g) = -9*g**3 - g**2 - g - 1. Let q be f(-1). Let z be i(q). Suppose z*c = c + 28. List the prime factors of c.
7
Suppose -r - 11*d = -10*d - 96, -r - 2*d = -92. What are the prime factors of r?
2, 5
Let j = 47 + -43. Suppose u - 39 = n, 0 = 6*u - 2*u + j*n - 172. List the prime factors of u.
41
Let m(x) = x**3 + 13*x**2 - x - 4. Let v be m(-13). Let p(l) = 2*l - 7*l - v*l - 4*l + 6. List the prime factors of p(-3).
2, 3, 5
Suppose 5*l = -7 - 8. What are the prime factors of 5/(l + 230/75)?
3, 5
Let r(k) = 78*k + 121. List the prime factors of r(12).
7, 151
Let p(k) = k - 8 - 3*k - 19 + 3*k. Let r be p(12). Let g = -9 - r. What are the prime factors of g?
2, 3
Suppose 2*y - 5*i - 3 = -y, 2*y + 5*i - 27 = 0. Suppose -2*q = 4*w - 98, -2*w + y*w = -4*q + 180. List the prime factors of q.
41
Suppose -2*i + 2562 = -2*g, -4*g - 3747 = -2*i - 1179. Suppose i = 5*t + 2*l, -2*t - l + 510 = l. List the prime factors of t.
2
Let o(w) = -2*w + 353. What are the prime factors of o(34)?
3, 5, 19
Let l be (0 - 0)/(3 + -2). Let i(q) = -q. Let s be i(l). Let k = 29 - s. List the prime factors of k.
29
Let m be (-1503)/(-36) + 1/4. Let j = m - 25. Let l = 6 + j. What are the prime factors of l?
23
Let z(v) = -v**3 - v**2 - v - 6. Suppose 5*m = -0*m + 3*x, -2*m + 3*x = 0. Let i be z(m). List the prime factors of 2/(11/i + 2).
2, 3
Let t(y) = y**3 + 3*y**2. Let j be t(-4). What are the prime factors of j/(-12) + (-490)/(-15)?
2, 17
Let u(g) = -25*g + 195. List the prime factors of u(-32).
5, 199
Let w = 147 - -46. List the prime factors of w.
193
Let r = -200 + 286. List the prime factors of r.
2, 43
Let c be 483/14*(3 + -1). Suppose l - c + 5 = 0. What are the prime factors of l?
2
Let j(v) = v**2 - v + 2. Let c be j(1). What are the prime factors of (-100)/6*(-6)/c - 3?
47
Let y(i) = -2*i + 7. Let w = -22 - -25. Let d be y(w). What are the prime factors of (-11)/(-1) - (-3 + d)?
13
Suppose -20 = -2*y - 2*y. Suppose -5*a + 5*s + 140 = 0, -125 - 39 = -y*a - s. What are the prime factors of (-46)/4*a/(-16)?
23
List the prime factors of (-142147)/(-615) + (-2)/15.
3, 7, 11
Let w = -100 + 139. What are the prime factors of w?
3, 13
Let s(r) = r**3 + 8*r**2 + 3*r - 9. Let t be s(-7). Suppose -2 = -4*q - 6. Let f = t + q. List the prime factors of f.
2, 3
Suppose -4*p = 3*u - 1470, p = -u + 322 + 168. What are the prime factors of u?
2, 5, 7
Let f(c) = -c**3 - 5*c**2 + c + 7. Let w be f(-5). Let o(t) = -140*t + 30. Let p be o(9). What are the prime factors of w/(-8) + p/(-24)?
3, 17
Let d(f) = f**2 - 3*f + 4. Let x be d(4). Suppose 0 = 3*t + x - 2. List the prime factors of -2 - -15 - 0/t.
13
What are the prime factors of ((-14628)/(-20) - 10/25)*1?
17, 43
Let l(a) = a. Let b(v) = 3*v. Let x(y) = -b(y) + l(y). Let t be x(-2). Suppose 0 = -3*h + t*p + 50, h - p + 12 = 2*h. What are the prime factors of h?
2, 7
Suppose 3*d + 4*y = 2774, d + 2*d - 2776 = -2*y. What are the prime factors of d?
2, 463
Let u = 17 - 10. Suppose 0 = 5*x - u*x + 92. What are the prime factors of x?
2, 23
Let k(g) = -16*g - 68. Suppose 8*b = -92 - 76. List the prime factors of k(b).
2, 67
Suppose 2*g - 218 = -76. Suppose 6*s - g - 13 = 0. What are the prime factors of s?
2, 7
Suppose -7 = 4*n + 1, -y - 5 = 5*n. Suppose 5*c = -y*h + 55, 4 + 3 = 2*c + 5*h. Let a = -11 + c. List the prime factors of a.
5
Let x(m) be the second derivative of -11/2*m**2 + 0 - 1/12*m**4 - 11/6*m**3 + 4*m. What are the prime factors of x(-7)?
17
Suppose 0*q - 1621 = -5*t - q, -q = -t + 323. List the prime factors of t.
2, 3
Let v(m) = m**3 + m. Let w(p) = 6*p**3 - 28*p**2 + 51*p + 15. Let n(i) = 5*v(i) - w(i). List the prime factors of n(26).
3, 47
Let u = -138 - -133. What are the prime factors of (u - -258) + (-4 - 0)?
3, 83
Suppose -2*a + 1600 = 2*b, 181*a - 184*a + b = -2416. List the prime factors of a.
2, 3, 67
Suppose -3044 = -4*s - v - v, -2*s + v = -1522. List the prime factors of s.
761
Let h = -18 - -35. Let d = h - 12. List the prime factors of ((-6)/d)/(15/(-500)).
2, 5
Let x(h) = 2147*h**2 + 11*h. List the prime factors of x(1).
2, 13, 83
Let s(l) = 5*l - 3 - 7 + 9*l - l**2. What are the prime factors of s(9)?
5, 7
Let t = 596 + -278. Suppose 0 = -10*x + 8*x + t. What are the prime factors of x?
3, 53
Let o be (6/(-9))/(10/(-45)). Suppose -t + o*u + 41 = 0, -151 = -5*t - 2*u - u. What are the prime factors of t?
2
Let q = -18 - -21. Suppose 0*l - l + 222 = 4*t, -q*t + 174 = -3*l. What are the prime factors of t?
2, 7
Let o = -276 + 1124. Suppose -3*y - 5*y = -o. List the prime factors of y.
2, 53
Let m = 10768 + -5818. What are the prime factors of m?
2, 3, 5, 11
Let t(d) = -d**3 - d**2. Let l be t(-1). Let c(k) be the first derivative of -k**3/3 + k**2/2 + 25*k - 3. List the prime factors of c(l).
5
Suppose -2*u - 3*u + 4*z + 7189 = 0, 3*u = z + 4312. List the prime factors of u.
3, 479
Let j = 1052 - 1760. List the prime factors of (-4)/20 + j/(-15).
47
Suppose -586 = m - 3*m. Let s = m - 55. List the prime factors of s.
2, 7, 17
Let k = -2 + 4. Suppose 2*g - 16 = k*o, -4*g + o + 16 = -13. What are the prime factors of g?
7
Let n = 220 + -77. Let l = -84 + n. List the prime factors of l.
59
Let w = -464 - -1010. List the prime factors of w.
2, 3, 7, 13
Suppose 5*i - 3*i = 0. Suppose -4*y + 52 = 3*t - 34, i = -4*t + 3*y + 148. Suppose 0*c + c - t = 0. What are the prime factors of c?
2, 17
Let v(p) = 3*p + 7. Let i be (12/(-7))/(8/(-28)). List the prime factors of v(i).
5
Suppose 2*g - 8 = 2*n, g + g = -4*n + 8. Suppose -l = -2*o - 0*o + 179, g*o = -3*l + 343. What are the prime factors of o?
2, 11
Let h(s) = 4*s**2 + 10*s + 21. What are the prime factors of h(-6)?
3, 5, 7
Let q(r) be the third derivative of 17*r**4/24 - 91*r**3/6 - 49*r**2. List the prime factors of q(18).
5, 43
Suppose -4*i + 162 = 18. Let b = -24 + i. List the prime factors of b.
2, 3
Suppose -2*f - 32 = -6*f. Suppose 8 = t - 2*t + 3*r, -r = -3*t + f. Suppose t*i + 165 = 5*q, -3*q + i + 150 = 2*q. What are the prime factors of q?
29
Let k(b) = -35*b + 152. List the prime factors of k(-23).
3, 11, 29
Let b be (1*(11 + -3))/(-2) - 48. Let z(m) = -m**3 + m**2 - m + 5. Let o be z(5). Let g = b - o. What are the prime factors of g?
2, 3
What are the prime factors of 59*(-11)/44*-172?
43, 59
Suppose 4*s - 10 = 2. Let m(g) be the third derivative of -g**4/24 + 5*g**3/6 + 49*g**2. List the prime factors of m(s).
2
Suppose -2*r - 355 = -1475. List the prime factors of r.
2, 5, 7
Let i = 1275 - 107. List the prime factors of i.
2, 73
Let c be -3 + (1 - (-2 + -3)). Suppose -5*w - 4*j + 11 + 7 = 0, c*w - 5*j = -4. Suppose -51 = -w*r - q + 6*q, 3*q + 3 = 0. List the prime factors of r.
23
Let r = -40 - -79. List the prime factors of (-12)/1*(-182)/r.
2, 7
What are the prime factors of -586*21/(-6) - (-11 + 17)?
5, 409
Suppose w + 85 = 5*y, 59 = 4*y + 3*w - 2*w. Suppose 0 = 18*l - y*l - 22. List the prime factors of l.
11
Let d(o) = 1044*o**2 - 2*o + 1. What are the prime factors of d(1)?
7, 149
Let q = 1 - 331. Let u = 12 + -22. List the prime factors of q/u*(-2)/(-3).
2, 11
Suppose -g = 4*p - 15, 5*p - 31 = -g - 2*g. Suppose -239 = -g*k + 62. List the prime factors of k.
43
Suppose -146*r + 139*r = -630. What are the prime factors of r?
2, 3, 5
Let r(d) = 188*d + 14. Let z be r(4). Suppose -8*f = -z + 70. List the prime factors of f.
3, 29
Suppose 21*h - 6217 = 167. List the prime factors of h.
2, 19
Suppose 0 = 2*c + 4*c + 216. Let m = c - -351. List the prime factors of m/5 - 1*-4.
67
Let b = 190 + 120. List the prime factors of b.
2, 5, 31
Let i = -161 + 295. Let k = -61 + i. What are the prime factors of k?
73
Let j be (-7)/(42/32)*-3. Suppose 5 = 5*t - 2*t + 2*y, -4*t + j = -2*y. Suppose -t*o + o + a = -40, 4*o - a = 84. What are the prime factors of o?
2, 11
Let p(f) = f**3 - 8*f**2 + 2*f - 8. Let o be p(7). Let z = o - 2. Let j = z - -71. What are the prime factors of j?
2, 13
Let t = 146 - 144. Suppose -t*i - 6 = 0, -y + 10 = 5*i - 30. List the prime factors of y.
5, 11
Suppose